{"id":16150,"date":"2018-06-27T17:28:21","date_gmt":"2018-06-27T15:28:21","guid":{"rendered":"http:\/\/www.archeoparc.it\/wp-content\/uploads\/archeoparc-schnalstal-18047.jpg"},"modified":"2025-06-03T12:06:01","modified_gmt":"2025-06-03T10:06:01","slug":"eroeffnung-der-ausstellung-%c2%84birkenteer-und-laerchenterpentin-die-gewinnung-und-verarbeitung-von-sekundaerprodukten-aus-dem-wald-frueher-und-heute-%c2%93inaugurazione-della-mostra-%c2%84pece-e-13","status":"inherit","type":"attachment","link":"https:\/\/www.archeoparc.it\/en\/eroeffnung-der-ausstellung-%c2%84birkenteer-und-laerchenterpentin-die-gewinnung-und-verarbeitung-von-sekundaerprodukten-aus-dem-wald-frueher-und-heute-%c2%93inaugurazione-della-mostra-%c2%84pece-e-13\/","title":{"rendered":"Er\u00f6ffnung der Ausstellung \u0084Birkenteer und L\u00e4rchenterpentin. Die Gewinnung und Verarbeitung von Sekund\u00e4rprodukten aus dem Wald fr\u00fcher und heute.\u0093<br \/>Inaugurazione della mostra \u0084Pece e trementina. L\u0092uso dei prodotti secondari degli alberi dalla preistoria ad oggi.\u0093<br \/>Exhibition on secondary products of the forest and on how humans used them since prehistoric times<br \/><br \/>archeoParc Schnalstal<br \/>24 June 2018"},"author":2,"featured_media":0,"comment_status":"closed","ping_status":"closed","template":"","meta":{"_acf_changed":false,"_tec_requires_first_save":true,"_EventAllDay":false,"_EventTimezone":"","_EventStartDate":"","_EventEndDate":"","_EventStartDateUTC":"","_EventEndDateUTC":"","_EventShowMap":false,"_EventShowMapLink":false,"_EventURL":"","_EventCost":"","_EventCostDescription":"","_EventCurrencySymbol":"","_EventCurrencyCode":"","_EventCurrencyPosition":"","_EventDateTimeSeparator":"","_EventTimeRangeSeparator":"","_EventOrganizerID":[],"_EventVenueID":[],"_OrganizerEmail":"","_OrganizerPhone":"","_OrganizerWebsite":"","_VenueAddress":"","_VenueCity":"","_VenueCountry":"","_VenueProvince":"","_VenueState":"","_VenueZip":"","_VenuePhone":"","_VenueURL":"","_VenueStateProvince":"","_VenueLat":"","_VenueLng":"","_VenueShowMap":false,"_VenueShowMapLink":false,"_tribe_blocks_recurrence_rules":"","_tribe_blocks_recurrence_description":"","_tribe_blocks_recurrence_exclusions":""},"attachment_category":[],"attachment_tag":[],"class_list":["post-16150","attachment","type-attachment","status-inherit","hentry"],"acf":[],"yoast_head":"<!-- This site is optimized with the Yoast SEO plugin v27.5 - https:\/\/yoast.com\/product\/yoast-seo-wordpress\/ -->\n<title>Er\u00f6ffnung der Ausstellung \u0084Birkenteer und L\u00e4rchenterpentin. Die Gewinnung und Verarbeitung von Sekund\u00e4rprodukten aus dem Wald fr\u00fcher und heute.\u0093Inaugurazione della mostra \u0084Pece e trementina. L\u0092uso dei prodotti secondari degli alberi dalla preistoria ad oggi.\u0093Exhibition on secondary products of the forest and on how humans used them since prehistoric timesarcheoParc Schnalstal24 June 2018 - archeoParc Schnalstal<\/title>\n<meta name=\"robots\" content=\"index, follow, max-snippet:-1, max-image-preview:large, max-video-preview:-1\" \/>\n<link rel=\"canonical\" href=\"https:\/\/www.archeoparc.it\/wp-content\/uploads\/archeoparc-schnalstal-18047.jpg\" \/>\n<script type=\"application\/ld+json\" class=\"yoast-schema-graph\">{\"@context\":\"https:\\\/\\\/schema.org\",\"@graph\":[{\"@type\":\"WebPage\",\"@id\":\"https:\\\/\\\/www.archeoparc.it\\\/wp-content\\\/uploads\\\/archeoparc-schnalstal-18047.jpg\",\"url\":\"https:\\\/\\\/www.archeoparc.it\\\/wp-content\\\/uploads\\\/archeoparc-schnalstal-18047.jpg\",\"name\":\"Er\u00f6ffnung der Ausstellung \u0084Birkenteer und L\u00e4rchenterpentin. Die Gewinnung und Verarbeitung von Sekund\u00e4rprodukten aus dem Wald fr\u00fcher und heute.\u0093 Inaugurazione della mostra \u0084Pece e trementina. L\u0092uso dei prodotti secondari degli alberi dalla preistoria ad oggi.\u0093 Exhibition on secondary products of the forest and on how humans used them since prehistoric times archeoParc Schnalstal 24 June 2018 - archeoParc Schnalstal\",\"isPartOf\":{\"@id\":\"https:\\\/\\\/www.archeoparc.it\\\/#website\"},\"datePublished\":\"2018-06-27T15:28:21+00:00\",\"dateModified\":\"2025-06-03T10:06:01+00:00\",\"inLanguage\":\"en-US\",\"potentialAction\":[{\"@type\":\"ReadAction\",\"target\":[\"https:\\\/\\\/www.archeoparc.it\\\/wp-content\\\/uploads\\\/archeoparc-schnalstal-18047.jpg\"]}]},{\"@type\":\"WebSite\",\"@id\":\"https:\\\/\\\/www.archeoparc.it\\\/#website\",\"url\":\"https:\\\/\\\/www.archeoparc.it\\\/\",\"name\":\"archeoParc Schnalstal\",\"description\":\"Arch\u00e4ologisches Freilichtmuseum\",\"publisher\":{\"@id\":\"https:\\\/\\\/www.archeoparc.it\\\/#organization\"},\"potentialAction\":[{\"@type\":\"SearchAction\",\"target\":{\"@type\":\"EntryPoint\",\"urlTemplate\":\"https:\\\/\\\/www.archeoparc.it\\\/?s={search_term_string}\"},\"query-input\":{\"@type\":\"PropertyValueSpecification\",\"valueRequired\":true,\"valueName\":\"search_term_string\"}}],\"inLanguage\":\"en-US\"},{\"@type\":\"Organization\",\"@id\":\"https:\\\/\\\/www.archeoparc.it\\\/#organization\",\"name\":\"archeoparc Schnalstal\",\"url\":\"https:\\\/\\\/www.archeoparc.it\\\/\",\"logo\":{\"@type\":\"ImageObject\",\"inLanguage\":\"en-US\",\"@id\":\"https:\\\/\\\/www.archeoparc.it\\\/#\\\/schema\\\/logo\\\/image\\\/\",\"url\":\"https:\\\/\\\/www.archeoparc.it\\\/wp-content\\\/uploads\\\/cropped-archeoparc_logo_sw.png\",\"contentUrl\":\"https:\\\/\\\/www.archeoparc.it\\\/wp-content\\\/uploads\\\/cropped-archeoparc_logo_sw.png\",\"width\":654,\"height\":211,\"caption\":\"archeoparc Schnalstal\"},\"image\":{\"@id\":\"https:\\\/\\\/www.archeoparc.it\\\/#\\\/schema\\\/logo\\\/image\\\/\"}}]}<\/script>\n<!-- \/ Yoast SEO plugin. -->","yoast_head_json":{"title":"Er\u00f6ffnung der Ausstellung \u0084Birkenteer und L\u00e4rchenterpentin. Die Gewinnung und Verarbeitung von Sekund\u00e4rprodukten aus dem Wald fr\u00fcher und heute.\u0093Inaugurazione della mostra \u0084Pece e trementina. L\u0092uso dei prodotti secondari degli alberi dalla preistoria ad oggi.\u0093Exhibition on secondary products of the forest and on how humans used them since prehistoric timesarcheoParc Schnalstal24 June 2018 - archeoParc Schnalstal","robots":{"index":"index","follow":"follow","max-snippet":"max-snippet:-1","max-image-preview":"max-image-preview:large","max-video-preview":"max-video-preview:-1"},"canonical":"https:\/\/www.archeoparc.it\/wp-content\/uploads\/archeoparc-schnalstal-18047.jpg","schema":{"@context":"https:\/\/schema.org","@graph":[{"@type":"WebPage","@id":"https:\/\/www.archeoparc.it\/wp-content\/uploads\/archeoparc-schnalstal-18047.jpg","url":"https:\/\/www.archeoparc.it\/wp-content\/uploads\/archeoparc-schnalstal-18047.jpg","name":"Er\u00f6ffnung der Ausstellung \u0084Birkenteer und L\u00e4rchenterpentin. Die Gewinnung und Verarbeitung von Sekund\u00e4rprodukten aus dem Wald fr\u00fcher und heute.\u0093 Inaugurazione della mostra \u0084Pece e trementina. L\u0092uso dei prodotti secondari degli alberi dalla preistoria ad oggi.\u0093 Exhibition on secondary products of the forest and on how humans used them since prehistoric times archeoParc Schnalstal 24 June 2018 - archeoParc Schnalstal","isPartOf":{"@id":"https:\/\/www.archeoparc.it\/#website"},"datePublished":"2018-06-27T15:28:21+00:00","dateModified":"2025-06-03T10:06:01+00:00","inLanguage":"en-US","potentialAction":[{"@type":"ReadAction","target":["https:\/\/www.archeoparc.it\/wp-content\/uploads\/archeoparc-schnalstal-18047.jpg"]}]},{"@type":"WebSite","@id":"https:\/\/www.archeoparc.it\/#website","url":"https:\/\/www.archeoparc.it\/","name":"archeoParc Schnalstal","description":"Arch\u00e4ologisches Freilichtmuseum","publisher":{"@id":"https:\/\/www.archeoparc.it\/#organization"},"potentialAction":[{"@type":"SearchAction","target":{"@type":"EntryPoint","urlTemplate":"https:\/\/www.archeoparc.it\/?s={search_term_string}"},"query-input":{"@type":"PropertyValueSpecification","valueRequired":true,"valueName":"search_term_string"}}],"inLanguage":"en-US"},{"@type":"Organization","@id":"https:\/\/www.archeoparc.it\/#organization","name":"archeoparc Schnalstal","url":"https:\/\/www.archeoparc.it\/","logo":{"@type":"ImageObject","inLanguage":"en-US","@id":"https:\/\/www.archeoparc.it\/#\/schema\/logo\/image\/","url":"https:\/\/www.archeoparc.it\/wp-content\/uploads\/cropped-archeoparc_logo_sw.png","contentUrl":"https:\/\/www.archeoparc.it\/wp-content\/uploads\/cropped-archeoparc_logo_sw.png","width":654,"height":211,"caption":"archeoparc Schnalstal"},"image":{"@id":"https:\/\/www.archeoparc.it\/#\/schema\/logo\/image\/"}}]}},"description":{"rendered":"<p class=\"attachment\"><a href='https:\/\/www.archeoparc.it\/wp-content\/uploads\/archeoparc-schnalstal-18047.jpg'><img loading=\"lazy\" decoding=\"async\" width=\"300\" height=\"200\" src=\"https:\/\/www.archeoparc.it\/wp-content\/uploads\/archeoparc-schnalstal-18047-300x200.jpg\" class=\"attachment-medium size-medium\" alt=\"\" srcset=\"https:\/\/www.archeoparc.it\/wp-content\/uploads\/archeoparc-schnalstal-18047-300x200.jpg 300w, https:\/\/www.archeoparc.it\/wp-content\/uploads\/archeoparc-schnalstal-18047-1024x683.jpg 1024w, https:\/\/www.archeoparc.it\/wp-content\/uploads\/archeoparc-schnalstal-18047-676x451.jpg 676w, https:\/\/www.archeoparc.it\/wp-content\/uploads\/archeoparc-schnalstal-18047.jpg 1200w\" sizes=\"auto, (max-width: 300px) 100vw, 300px\" \/><\/a><\/p>\n<p>www.archeoparc.it<\/p>\n"},"caption":{"rendered":"<p>Santer Peter<\/p>\n"},"alt_text":"","media_type":"image","mime_type":"image\/jpeg","media_details":{"width":1200,"height":800,"file":"archeoparc-schnalstal-18047.jpg","sizes":{"thumbnail":{"file":"archeoparc-schnalstal-18047-100x100.jpg","width":100,"height":100,"mime_type":"image\/jpeg","source_url":"https:\/\/www.archeoparc.it\/wp-content\/uploads\/archeoparc-schnalstal-18047-100x100.jpg"},"medium":{"file":"archeoparc-schnalstal-18047-300x200.jpg","width":300,"height":200,"mime_type":"image\/jpeg","source_url":"https:\/\/www.archeoparc.it\/wp-content\/uploads\/archeoparc-schnalstal-18047-300x200.jpg"},"large":{"file":"archeoparc-schnalstal-18047-1024x683.jpg","width":1024,"height":683,"mime_type":"image\/jpeg","source_url":"https:\/\/www.archeoparc.it\/wp-content\/uploads\/archeoparc-schnalstal-18047-1024x683.jpg"},"startbox":{"file":"archeoparc-schnalstal-18047-300x200.jpg","width":300,"height":200,"mime_type":"image\/jpeg","source_url":"https:\/\/www.archeoparc.it\/wp-content\/uploads\/archeoparc-schnalstal-18047-300x200.jpg"},"post-image":{"file":"archeoparc-schnalstal-18047-676x451.jpg","width":676,"height":451,"mime_type":"image\/jpeg","source_url":"https:\/\/www.archeoparc.it\/wp-content\/uploads\/archeoparc-schnalstal-18047-676x451.jpg"},"full":{"file":"archeoparc-schnalstal-18047.jpg","width":1200,"height":800,"mime_type":"image\/jpeg","source_url":"https:\/\/www.archeoparc.it\/wp-content\/uploads\/archeoparc-schnalstal-18047.jpg"}},"image_meta":{"aperture":"0","credit":"www.archeoparc.it","camera":"","caption":"","created_timestamp":"0","copyright":"Santer Peter","focal_length":"0","iso":"0","shutter_speed":"0","title":"Er\u00f6ffnung der Ausstellung \u0084Birkenteer und L\u00e4rchenterpentin. Die Gewinnung und Verarbeitung von Sekund\u00e4rprodukten aus dem Wald fr\u00fcher und heute.\u0093<br \/>Inaugurazione della mostra \u0084Pece e trementina. L\u0092uso dei prodotti secondari degli alberi dalla preistoria ad oggi.\u0093<br \/>Exhibition on secondary products of the forest and on how humans used them since prehistoric times<br \/><br \/>archeoParc Schnalstal<br \/>24 June 2018","orientation":"0","keywords":[]}},"post":null,"source_url":"https:\/\/www.archeoparc.it\/wp-content\/uploads\/archeoparc-schnalstal-18047.jpg","_links":{"self":[{"href":"https:\/\/www.archeoparc.it\/en\/wp-json\/wp\/v2\/media\/16150","targetHints":{"allow":["GET"]}}],"collection":[{"href":"https:\/\/www.archeoparc.it\/en\/wp-json\/wp\/v2\/media"}],"about":[{"href":"https:\/\/www.archeoparc.it\/en\/wp-json\/wp\/v2\/types\/attachment"}],"author":[{"embeddable":true,"href":"https:\/\/www.archeoparc.it\/en\/wp-json\/wp\/v2\/users\/2"}],"replies":[{"embeddable":true,"href":"https:\/\/www.archeoparc.it\/en\/wp-json\/wp\/v2\/comments?post=16150"}],"wp:term":[{"taxonomy":"attachment_category","embeddable":true,"href":"https:\/\/www.archeoparc.it\/en\/wp-json\/wp\/v2\/attachment_category?post=16150"},{"taxonomy":"attachment_tag","embeddable":true,"href":"https:\/\/www.archeoparc.it\/en\/wp-json\/wp\/v2\/attachment_tag?post=16150"}],"curies":[{"name":"wp","href":"https:\/\/api.w.org\/{rel}","templated":true}]}}

Eröffnung der Ausstellung Birkenteer und Lärchenterpentin. Die Gewinnung und Verarbeitung von Sekundärprodukten aus dem Wald früher und heute.<br />Inaugurazione della mostra Pece e trementina. Luso dei prodotti secondari degli alberi dalla preistoria ad oggi.<br />Exhibition on secondary products of the forest and on how humans used them since prehistoric times<br /><br />archeoParc Schnalstal<br />24 June 2018

<!-- This site is optimized with the Yoast SEO plugin v27.5 - https://yoast.com/product/yoast-seo-wordpress/ -->
<title>Eröffnung der Ausstellung Birkenteer und Lärchenterpentin. Die Gewinnung und Verarbeitung von Sekundärprodukten aus dem Wald früher und heute.Inaugurazione della mostra Pece e trementina. Luso dei prodotti secondari degli alberi dalla preistoria ad oggi.Exhibition on secondary products of the forest and on how humans used them since prehistoric timesarcheoParc Schnalstal24 June 2018 - archeoParc Schnalstal</title>
<meta name="robots" content="index, follow, max-snippet:-1, max-image-preview:large, max-video-preview:-1" />
<link rel="canonical" href="https://www.archeoparc.it/wp-content/uploads/archeoparc-schnalstal-18047.jpg" />
<script type="application/ld+json" class="yoast-schema-graph">{"@context":"https:\/\/schema.org","@graph":[{"@type":"WebPage","@id":"https:\/\/www.archeoparc.it\/wp-content\/uploads\/archeoparc-schnalstal-18047.jpg","url":"https:\/\/www.archeoparc.it\/wp-content\/uploads\/archeoparc-schnalstal-18047.jpg","name":"Eröffnung der Ausstellung Birkenteer und Lärchenterpentin. Die Gewinnung und Verarbeitung von Sekundärprodukten aus dem Wald früher und heute. Inaugurazione della mostra Pece e trementina. Luso dei prodotti secondari degli alberi dalla preistoria ad oggi. Exhibition on secondary products of the forest and on how humans used them since prehistoric times archeoParc Schnalstal 24 June 2018 - archeoParc Schnalstal","isPartOf":{"@id":"https:\/\/www.archeoparc.it\/#website"},"datePublished":"2018-06-27T15:28:21+00:00","dateModified":"2025-06-03T10:06:01+00:00","inLanguage":"en-US","potentialAction":[{"@type":"ReadAction","target":["https:\/\/www.archeoparc.it\/wp-content\/uploads\/archeoparc-schnalstal-18047.jpg"]}]},{"@type":"WebSite","@id":"https:\/\/www.archeoparc.it\/#website","url":"https:\/\/www.archeoparc.it\/","name":"archeoParc Schnalstal","description":"Archäologisches Freilichtmuseum","publisher":{"@id":"https:\/\/www.archeoparc.it\/#organization"},"potentialAction":[{"@type":"SearchAction","target":{"@type":"EntryPoint","urlTemplate":"https:\/\/www.archeoparc.it\/?s={search_term_string}"},"query-input":{"@type":"PropertyValueSpecification","valueRequired":true,"valueName":"search_term_string"}}],"inLanguage":"en-US"},{"@type":"Organization","@id":"https:\/\/www.archeoparc.it\/#organization","name":"archeoparc Schnalstal","url":"https:\/\/www.archeoparc.it\/","logo":{"@type":"ImageObject","inLanguage":"en-US","@id":"https:\/\/www.archeoparc.it\/#\/schema\/logo\/image\/","url":"https:\/\/www.archeoparc.it\/wp-content\/uploads\/cropped-archeoparc_logo_sw.png","contentUrl":"https:\/\/www.archeoparc.it\/wp-content\/uploads\/cropped-archeoparc_logo_sw.png","width":654,"height":211,"caption":"archeoparc Schnalstal"},"image":{"@id":"https:\/\/www.archeoparc.it\/#\/schema\/logo\/image\/"}}]}</script>
<!-- / Yoast SEO plugin. -->

Eröffnung der Ausstellung Birkenteer und Lärchenterpentin. Die Gewinnung und Verarbeitung von Sekundärprodukten aus dem Wald früher und heute.Inaugurazione della mostra Pece e trementina. Luso dei prodotti secondari degli alberi dalla preistoria ad oggi.Exhibition on secondary products of the forest and on how humans used them since prehistoric timesarcheoParc Schnalstal24 June 2018 - archeoParc Schnalstal

Eröffnung der Ausstellung Birkenteer und Lärchenterpentin. Die Gewinnung und Verarbeitung von Sekundärprodukten aus dem Wald früher und heute. Inaugurazione della mostra Pece e trementina. Luso dei prodotti secondari degli alberi dalla preistoria ad oggi. Exhibition on secondary products of the forest and on how humans used them since prehistoric times archeoParc Schnalstal 24 June 2018 - archeoParc Schnalstal

Archäologisches Freilichtmuseum
