{"id":7272,"date":"2016-07-23T18:57:27","date_gmt":"2016-07-23T16:57:27","guid":{"rendered":"http:\/\/www.archeoparc.it\/wp-content\/uploads\/archeoparc-schnalstal-16562.jpg"},"modified":"2025-05-28T11:00:01","modified_gmt":"2025-05-28T09:00:01","slug":"museumsvereinspraesidentin-sonja-santer-begruesst-die-gaeste-bei-der-eroeffnung-der-ausstellung-%c2%84ein-haus-wie-damals%c2%93saluto-di-benvenuto-da-parte-della-presidente-dell%c2%92associazione-muse","status":"inherit","type":"attachment","link":"https:\/\/www.archeoparc.it\/fr\/museumsvereinspraesidentin-sonja-santer-begruesst-die-gaeste-bei-der-eroeffnung-der-ausstellung-%c2%84ein-haus-wie-damals%c2%93saluto-di-benvenuto-da-parte-della-presidente-dell%c2%92associazione-muse\/","title":{"rendered":"Museumsvereinspr\u00e4sidentin Sonja Santer begr\u00fc\u00dft die G\u00e4ste bei der Er\u00f6ffnung der Ausstellung \u0084Ein Haus wie damals\u0093<br \/>Saluto di benvenuto da parte della presidente dell\u0092associazione museale Sonja Santer in occasione dell\u0091inaugurazione della mostra \u0084La casa di \u00d6tzi\u0093<br \/> Opening ceremony of the archeoparc exhibition on reconstructing a Bell-Baker Culture house<br \/><br \/>f.l.t.r. Sonja Santer, Raffaella Poggiani, Johanna Niederkofler, Gianni Bodini, Karl Josef Rainer, Wulf Hein<br \/>July 2016"},"author":2,"featured_media":0,"comment_status":"closed","ping_status":"closed","template":"","meta":{"_acf_changed":false,"_tec_requires_first_save":true,"_EventAllDay":false,"_EventTimezone":"","_EventStartDate":"","_EventEndDate":"","_EventStartDateUTC":"","_EventEndDateUTC":"","_EventShowMap":false,"_EventShowMapLink":false,"_EventURL":"","_EventCost":"","_EventCostDescription":"","_EventCurrencySymbol":"","_EventCurrencyCode":"","_EventCurrencyPosition":"","_EventDateTimeSeparator":"","_EventTimeRangeSeparator":"","_EventOrganizerID":[],"_EventVenueID":[],"_OrganizerEmail":"","_OrganizerPhone":"","_OrganizerWebsite":"","_VenueAddress":"","_VenueCity":"","_VenueCountry":"","_VenueProvince":"","_VenueState":"","_VenueZip":"","_VenuePhone":"","_VenueURL":"","_VenueStateProvince":"","_VenueLat":"","_VenueLng":"","_VenueShowMap":false,"_VenueShowMapLink":false,"_tribe_blocks_recurrence_rules":"","_tribe_blocks_recurrence_description":"","_tribe_blocks_recurrence_exclusions":""},"attachment_category":[],"attachment_tag":[],"class_list":["post-7272","attachment","type-attachment","status-inherit","hentry"],"acf":[],"yoast_head":"<!-- This site is optimized with the Yoast SEO plugin v27.5 - https:\/\/yoast.com\/product\/yoast-seo-wordpress\/ -->\n<title>Museumsvereinspr\u00e4sidentin Sonja Santer begr\u00fc\u00dft die G\u00e4ste bei der Er\u00f6ffnung der Ausstellung \u0084Ein Haus wie damals\u0093Saluto di benvenuto da parte della presidente dell\u0092associazione museale Sonja Santer in occasione dell\u0091inaugurazione della mostra \u0084La casa di \u00d6tzi\u0093 Opening ceremony of the archeoparc exhibition on reconstructing a Bell-Baker Culture housef.l.t.r. Sonja Santer, Raffaella Poggiani, Johanna Niederkofler, Gianni Bodini, Karl Josef Rainer, Wulf HeinJuly 2016 - archeoParc Schnalstal<\/title>\n<meta name=\"robots\" content=\"index, follow, max-snippet:-1, max-image-preview:large, max-video-preview:-1\" \/>\n<link rel=\"canonical\" href=\"https:\/\/www.archeoparc.it\/wp-content\/uploads\/archeoparc-schnalstal-16562.jpg\" \/>\n<script type=\"application\/ld+json\" class=\"yoast-schema-graph\">{\"@context\":\"https:\\\/\\\/schema.org\",\"@graph\":[{\"@type\":\"WebPage\",\"@id\":\"https:\\\/\\\/www.archeoparc.it\\\/wp-content\\\/uploads\\\/archeoparc-schnalstal-16562.jpg\",\"url\":\"https:\\\/\\\/www.archeoparc.it\\\/wp-content\\\/uploads\\\/archeoparc-schnalstal-16562.jpg\",\"name\":\"Museumsvereinspr\u00e4sidentin Sonja Santer begr\u00fc\u00dft die G\u00e4ste bei der Er\u00f6ffnung der Ausstellung \u0084Ein Haus wie damals\u0093 Saluto di benvenuto da parte della presidente dell\u0092associazione museale Sonja Santer in occasione dell\u0091inaugurazione della mostra \u0084La casa di \u00d6tzi\u0093 Opening ceremony of the archeoparc exhibition on reconstructing a Bell-Baker Culture house f.l.t.r. Sonja Santer, Raffaella Poggiani, Johanna Niederkofler, Gianni Bodini, Karl Josef Rainer, Wulf Hein July 2016 - archeoParc Schnalstal\",\"isPartOf\":{\"@id\":\"https:\\\/\\\/www.archeoparc.it\\\/#website\"},\"datePublished\":\"2016-07-23T16:57:27+00:00\",\"dateModified\":\"2025-05-28T09:00:01+00:00\",\"inLanguage\":\"fr-FR\",\"potentialAction\":[{\"@type\":\"ReadAction\",\"target\":[\"https:\\\/\\\/www.archeoparc.it\\\/wp-content\\\/uploads\\\/archeoparc-schnalstal-16562.jpg\"]}]},{\"@type\":\"WebSite\",\"@id\":\"https:\\\/\\\/www.archeoparc.it\\\/#website\",\"url\":\"https:\\\/\\\/www.archeoparc.it\\\/\",\"name\":\"archeoParc Schnalstal\",\"description\":\"Arch\u00e4ologisches Freilichtmuseum\",\"publisher\":{\"@id\":\"https:\\\/\\\/www.archeoparc.it\\\/#organization\"},\"potentialAction\":[{\"@type\":\"SearchAction\",\"target\":{\"@type\":\"EntryPoint\",\"urlTemplate\":\"https:\\\/\\\/www.archeoparc.it\\\/?s={search_term_string}\"},\"query-input\":{\"@type\":\"PropertyValueSpecification\",\"valueRequired\":true,\"valueName\":\"search_term_string\"}}],\"inLanguage\":\"fr-FR\"},{\"@type\":\"Organization\",\"@id\":\"https:\\\/\\\/www.archeoparc.it\\\/#organization\",\"name\":\"archeoparc Schnalstal\",\"url\":\"https:\\\/\\\/www.archeoparc.it\\\/\",\"logo\":{\"@type\":\"ImageObject\",\"inLanguage\":\"fr-FR\",\"@id\":\"https:\\\/\\\/www.archeoparc.it\\\/#\\\/schema\\\/logo\\\/image\\\/\",\"url\":\"https:\\\/\\\/www.archeoparc.it\\\/wp-content\\\/uploads\\\/cropped-archeoparc_logo_sw.png\",\"contentUrl\":\"https:\\\/\\\/www.archeoparc.it\\\/wp-content\\\/uploads\\\/cropped-archeoparc_logo_sw.png\",\"width\":654,\"height\":211,\"caption\":\"archeoparc Schnalstal\"},\"image\":{\"@id\":\"https:\\\/\\\/www.archeoparc.it\\\/#\\\/schema\\\/logo\\\/image\\\/\"}}]}<\/script>\n<!-- \/ Yoast SEO plugin. -->","yoast_head_json":{"title":"Museumsvereinspr\u00e4sidentin Sonja Santer begr\u00fc\u00dft die G\u00e4ste bei der Er\u00f6ffnung der Ausstellung \u0084Ein Haus wie damals\u0093Saluto di benvenuto da parte della presidente dell\u0092associazione museale Sonja Santer in occasione dell\u0091inaugurazione della mostra \u0084La casa di \u00d6tzi\u0093 Opening ceremony of the archeoparc exhibition on reconstructing a Bell-Baker Culture housef.l.t.r. Sonja Santer, Raffaella Poggiani, Johanna Niederkofler, Gianni Bodini, Karl Josef Rainer, Wulf HeinJuly 2016 - archeoParc Schnalstal","robots":{"index":"index","follow":"follow","max-snippet":"max-snippet:-1","max-image-preview":"max-image-preview:large","max-video-preview":"max-video-preview:-1"},"canonical":"https:\/\/www.archeoparc.it\/wp-content\/uploads\/archeoparc-schnalstal-16562.jpg","schema":{"@context":"https:\/\/schema.org","@graph":[{"@type":"WebPage","@id":"https:\/\/www.archeoparc.it\/wp-content\/uploads\/archeoparc-schnalstal-16562.jpg","url":"https:\/\/www.archeoparc.it\/wp-content\/uploads\/archeoparc-schnalstal-16562.jpg","name":"Museumsvereinspr\u00e4sidentin Sonja Santer begr\u00fc\u00dft die G\u00e4ste bei der Er\u00f6ffnung der Ausstellung \u0084Ein Haus wie damals\u0093 Saluto di benvenuto da parte della presidente dell\u0092associazione museale Sonja Santer in occasione dell\u0091inaugurazione della mostra \u0084La casa di \u00d6tzi\u0093 Opening ceremony of the archeoparc exhibition on reconstructing a Bell-Baker Culture house f.l.t.r. Sonja Santer, Raffaella Poggiani, Johanna Niederkofler, Gianni Bodini, Karl Josef Rainer, Wulf Hein July 2016 - archeoParc Schnalstal","isPartOf":{"@id":"https:\/\/www.archeoparc.it\/#website"},"datePublished":"2016-07-23T16:57:27+00:00","dateModified":"2025-05-28T09:00:01+00:00","inLanguage":"fr-FR","potentialAction":[{"@type":"ReadAction","target":["https:\/\/www.archeoparc.it\/wp-content\/uploads\/archeoparc-schnalstal-16562.jpg"]}]},{"@type":"WebSite","@id":"https:\/\/www.archeoparc.it\/#website","url":"https:\/\/www.archeoparc.it\/","name":"archeoParc Schnalstal","description":"Arch\u00e4ologisches Freilichtmuseum","publisher":{"@id":"https:\/\/www.archeoparc.it\/#organization"},"potentialAction":[{"@type":"SearchAction","target":{"@type":"EntryPoint","urlTemplate":"https:\/\/www.archeoparc.it\/?s={search_term_string}"},"query-input":{"@type":"PropertyValueSpecification","valueRequired":true,"valueName":"search_term_string"}}],"inLanguage":"fr-FR"},{"@type":"Organization","@id":"https:\/\/www.archeoparc.it\/#organization","name":"archeoparc Schnalstal","url":"https:\/\/www.archeoparc.it\/","logo":{"@type":"ImageObject","inLanguage":"fr-FR","@id":"https:\/\/www.archeoparc.it\/#\/schema\/logo\/image\/","url":"https:\/\/www.archeoparc.it\/wp-content\/uploads\/cropped-archeoparc_logo_sw.png","contentUrl":"https:\/\/www.archeoparc.it\/wp-content\/uploads\/cropped-archeoparc_logo_sw.png","width":654,"height":211,"caption":"archeoparc Schnalstal"},"image":{"@id":"https:\/\/www.archeoparc.it\/#\/schema\/logo\/image\/"}}]}},"description":{"rendered":"<p class=\"attachment\"><a href='https:\/\/www.archeoparc.it\/wp-content\/uploads\/archeoparc-schnalstal-16562.jpg'><img loading=\"lazy\" decoding=\"async\" width=\"300\" height=\"200\" src=\"https:\/\/www.archeoparc.it\/wp-content\/uploads\/archeoparc-schnalstal-16562-300x200.jpg\" class=\"attachment-medium size-medium\" alt=\"Museumsvereinspr\u00e4sidentin Sonja Santer begr\u00fc\u00dft die G\u00e4ste bei der Er\u00f6ffnung der Ausstellung \u0084Ein Haus wie damals\u0093Saluto di benvenuto da parte della presidente dell\u0092associazione museale Sonja Santer in occasione dell\u0091inaugurazione della mostra \u0084La casa di \u00d6tzi\u0093 Opening ceremony of the archeoparc exhibition on reconstructing a Bell-Baker Culture housef.l.t.r. Sonja Santer, Raffaella Poggiani, Johanna Niederkofler, Gianni Bodini, Karl Josef Rainer, Wulf HeinJuly 2016\" srcset=\"https:\/\/www.archeoparc.it\/wp-content\/uploads\/archeoparc-schnalstal-16562-300x200.jpg 300w, https:\/\/www.archeoparc.it\/wp-content\/uploads\/archeoparc-schnalstal-16562-1024x684.jpg 1024w, https:\/\/www.archeoparc.it\/wp-content\/uploads\/archeoparc-schnalstal-16562-676x451.jpg 676w, https:\/\/www.archeoparc.it\/wp-content\/uploads\/archeoparc-schnalstal-16562.jpg 1200w\" sizes=\"auto, (max-width: 300px) 100vw, 300px\" \/><\/a><\/p>\n<p>www.archeoparc.it<\/p>\n"},"caption":{"rendered":"<p>archeoParc Schnalstal, photo: Gianni Bodini<\/p>\n"},"alt_text":"Museumsvereinspr\u00e4sidentin Sonja Santer begr\u00fc\u00dft die G\u00e4ste bei der Er\u00f6ffnung der Ausstellung \u0084Ein Haus wie damals\u0093<br\/>Saluto di benvenuto da parte della presidente dell\u0092associazione museale Sonja Santer in occasione dell\u0091inaugurazione della mostra \u0084La casa di \u00d6tzi\u0093<br\/> Opening ceremony of the archeoparc exhibition on reconstructing a Bell-Baker Culture house<br\/><br\/>f.l.t.r. Sonja Santer, Raffaella Poggiani, Johanna Niederkofler, Gianni Bodini, Karl Josef Rainer, Wulf Hein<br\/>July 2016","media_type":"image","mime_type":"image\/jpeg","media_details":{"width":1200,"height":801,"file":"archeoparc-schnalstal-16562.jpg","sizes":{"thumbnail":{"file":"archeoparc-schnalstal-16562-100x100.jpg","width":100,"height":100,"mime_type":"image\/jpeg","source_url":"https:\/\/www.archeoparc.it\/wp-content\/uploads\/archeoparc-schnalstal-16562-100x100.jpg"},"medium":{"file":"archeoparc-schnalstal-16562-300x200.jpg","width":300,"height":200,"mime_type":"image\/jpeg","source_url":"https:\/\/www.archeoparc.it\/wp-content\/uploads\/archeoparc-schnalstal-16562-300x200.jpg"},"large":{"file":"archeoparc-schnalstal-16562-1024x684.jpg","width":1024,"height":684,"mime_type":"image\/jpeg","source_url":"https:\/\/www.archeoparc.it\/wp-content\/uploads\/archeoparc-schnalstal-16562-1024x684.jpg"},"startbox":{"file":"archeoparc-schnalstal-16562-300x200.jpg","width":300,"height":200,"mime_type":"image\/jpeg","source_url":"https:\/\/www.archeoparc.it\/wp-content\/uploads\/archeoparc-schnalstal-16562-300x200.jpg"},"post-image":{"file":"archeoparc-schnalstal-16562-676x451.jpg","width":676,"height":451,"mime_type":"image\/jpeg","source_url":"https:\/\/www.archeoparc.it\/wp-content\/uploads\/archeoparc-schnalstal-16562-676x451.jpg"},"full":{"file":"archeoparc-schnalstal-16562.jpg","width":1200,"height":801,"mime_type":"image\/jpeg","source_url":"https:\/\/www.archeoparc.it\/wp-content\/uploads\/archeoparc-schnalstal-16562.jpg"}},"image_meta":{"aperture":"4","credit":"www.archeoparc.it","camera":"NIKON D750","caption":"","created_timestamp":"1468146367","copyright":"archeoParc Schnalstal, photo: Gianni Bodini","focal_length":"24","iso":"560","shutter_speed":"0.0166666666667","title":"Museumsvereinspr\u00e4sidentin Sonja Santer begr\u00fc\u00dft die G\u00e4ste bei der Er\u00f6ffnung der Ausstellung \u0084Ein Haus wie damals\u0093<br \/>Saluto di benvenuto da parte della presidente dell\u0092associazione museale Sonja Santer in occasione dell\u0091inaugurazione della mostra \u0084La casa di \u00d6tzi\u0093<br \/> Opening ceremony of the archeoparc exhibition on reconstructing a Bell-Baker Culture house<br \/><br \/>f.l.t.r. Sonja Santer, Raffaella Poggiani, Johanna Niederkofler, Gianni Bodini, Karl Josef Rainer, Wulf Hein<br \/>July 2016","orientation":"1","keywords":[]}},"post":null,"source_url":"https:\/\/www.archeoparc.it\/wp-content\/uploads\/archeoparc-schnalstal-16562.jpg","_links":{"self":[{"href":"https:\/\/www.archeoparc.it\/fr\/wp-json\/wp\/v2\/media\/7272","targetHints":{"allow":["GET"]}}],"collection":[{"href":"https:\/\/www.archeoparc.it\/fr\/wp-json\/wp\/v2\/media"}],"about":[{"href":"https:\/\/www.archeoparc.it\/fr\/wp-json\/wp\/v2\/types\/attachment"}],"author":[{"embeddable":true,"href":"https:\/\/www.archeoparc.it\/fr\/wp-json\/wp\/v2\/users\/2"}],"replies":[{"embeddable":true,"href":"https:\/\/www.archeoparc.it\/fr\/wp-json\/wp\/v2\/comments?post=7272"}],"wp:term":[{"taxonomy":"attachment_category","embeddable":true,"href":"https:\/\/www.archeoparc.it\/fr\/wp-json\/wp\/v2\/attachment_category?post=7272"},{"taxonomy":"attachment_tag","embeddable":true,"href":"https:\/\/www.archeoparc.it\/fr\/wp-json\/wp\/v2\/attachment_tag?post=7272"}],"curies":[{"name":"wp","href":"https:\/\/api.w.org\/{rel}","templated":true}]}}

Museumsvereinspräsidentin Sonja Santer begrüßt die Gäste bei der Eröffnung der Ausstellung Ein Haus wie damals<br />Saluto di benvenuto da parte della presidente dellassociazione museale Sonja Santer in occasione dellinaugurazione della mostra La casa di Ötzi<br /> Opening ceremony of the archeoparc exhibition on reconstructing a Bell-Baker Culture house<br /><br />f.l.t.r. Sonja Santer, Raffaella Poggiani, Johanna Niederkofler, Gianni Bodini, Karl Josef Rainer, Wulf Hein<br />July 2016

<!-- This site is optimized with the Yoast SEO plugin v27.5 - https://yoast.com/product/yoast-seo-wordpress/ -->
<title>Museumsvereinspräsidentin Sonja Santer begrüßt die Gäste bei der Eröffnung der Ausstellung Ein Haus wie damalsSaluto di benvenuto da parte della presidente dellassociazione museale Sonja Santer in occasione dellinaugurazione della mostra La casa di Ötzi Opening ceremony of the archeoparc exhibition on reconstructing a Bell-Baker Culture housef.l.t.r. Sonja Santer, Raffaella Poggiani, Johanna Niederkofler, Gianni Bodini, Karl Josef Rainer, Wulf HeinJuly 2016 - archeoParc Schnalstal</title>
<meta name="robots" content="index, follow, max-snippet:-1, max-image-preview:large, max-video-preview:-1" />
<link rel="canonical" href="https://www.archeoparc.it/wp-content/uploads/archeoparc-schnalstal-16562.jpg" />
<script type="application/ld+json" class="yoast-schema-graph">{"@context":"https:\/\/schema.org","@graph":[{"@type":"WebPage","@id":"https:\/\/www.archeoparc.it\/wp-content\/uploads\/archeoparc-schnalstal-16562.jpg","url":"https:\/\/www.archeoparc.it\/wp-content\/uploads\/archeoparc-schnalstal-16562.jpg","name":"Museumsvereinspräsidentin Sonja Santer begrüßt die Gäste bei der Eröffnung der Ausstellung Ein Haus wie damals Saluto di benvenuto da parte della presidente dellassociazione museale Sonja Santer in occasione dellinaugurazione della mostra La casa di Ötzi Opening ceremony of the archeoparc exhibition on reconstructing a Bell-Baker Culture house f.l.t.r. Sonja Santer, Raffaella Poggiani, Johanna Niederkofler, Gianni Bodini, Karl Josef Rainer, Wulf Hein July 2016 - archeoParc Schnalstal","isPartOf":{"@id":"https:\/\/www.archeoparc.it\/#website"},"datePublished":"2016-07-23T16:57:27+00:00","dateModified":"2025-05-28T09:00:01+00:00","inLanguage":"fr-FR","potentialAction":[{"@type":"ReadAction","target":["https:\/\/www.archeoparc.it\/wp-content\/uploads\/archeoparc-schnalstal-16562.jpg"]}]},{"@type":"WebSite","@id":"https:\/\/www.archeoparc.it\/#website","url":"https:\/\/www.archeoparc.it\/","name":"archeoParc Schnalstal","description":"Archäologisches Freilichtmuseum","publisher":{"@id":"https:\/\/www.archeoparc.it\/#organization"},"potentialAction":[{"@type":"SearchAction","target":{"@type":"EntryPoint","urlTemplate":"https:\/\/www.archeoparc.it\/?s={search_term_string}"},"query-input":{"@type":"PropertyValueSpecification","valueRequired":true,"valueName":"search_term_string"}}],"inLanguage":"fr-FR"},{"@type":"Organization","@id":"https:\/\/www.archeoparc.it\/#organization","name":"archeoparc Schnalstal","url":"https:\/\/www.archeoparc.it\/","logo":{"@type":"ImageObject","inLanguage":"fr-FR","@id":"https:\/\/www.archeoparc.it\/#\/schema\/logo\/image\/","url":"https:\/\/www.archeoparc.it\/wp-content\/uploads\/cropped-archeoparc_logo_sw.png","contentUrl":"https:\/\/www.archeoparc.it\/wp-content\/uploads\/cropped-archeoparc_logo_sw.png","width":654,"height":211,"caption":"archeoparc Schnalstal"},"image":{"@id":"https:\/\/www.archeoparc.it\/#\/schema\/logo\/image\/"}}]}</script>
<!-- / Yoast SEO plugin. -->

Museumsvereinspräsidentin Sonja Santer begrüßt die Gäste bei der Eröffnung der Ausstellung Ein Haus wie damalsSaluto di benvenuto da parte della presidente dellassociazione museale Sonja Santer in occasione dellinaugurazione della mostra La casa di Ötzi Opening ceremony of the archeoparc exhibition on reconstructing a Bell-Baker Culture housef.l.t.r. Sonja Santer, Raffaella Poggiani, Johanna Niederkofler, Gianni Bodini, Karl Josef Rainer, Wulf HeinJuly 2016 - archeoParc Schnalstal

Museumsvereinspräsidentin Sonja Santer begrüßt die Gäste bei der Eröffnung der Ausstellung Ein Haus wie damals Saluto di benvenuto da parte della presidente dellassociazione museale Sonja Santer in occasione dellinaugurazione della mostra La casa di Ötzi Opening ceremony of the archeoparc exhibition on reconstructing a Bell-Baker Culture house f.l.t.r. Sonja Santer, Raffaella Poggiani, Johanna Niederkofler, Gianni Bodini, Karl Josef Rainer, Wulf Hein July 2016 - archeoParc Schnalstal

Archäologisches Freilichtmuseum

<p class="attachment"><a href='https://www.archeoparc.it/wp-content/uploads/archeoparc-schnalstal-16562.jpg'><img loading="lazy" decoding="async" width="300" height="200" src="https://www.archeoparc.it/wp-content/uploads/archeoparc-schnalstal-16562-300x200.jpg" class="attachment-medium size-medium" alt="Museumsvereinspräsidentin Sonja Santer begrüßt die Gäste bei der Eröffnung der Ausstellung Ein Haus wie damalsSaluto di benvenuto da parte della presidente dellassociazione museale Sonja Santer in occasione dellinaugurazione della mostra La casa di Ötzi Opening ceremony of the archeoparc exhibition on reconstructing a Bell-Baker Culture housef.l.t.r. Sonja Santer, Raffaella Poggiani, Johanna Niederkofler, Gianni Bodini, Karl Josef Rainer, Wulf HeinJuly 2016" srcset="https://www.archeoparc.it/wp-content/uploads/archeoparc-schnalstal-16562-300x200.jpg 300w, https://www.archeoparc.it/wp-content/uploads/archeoparc-schnalstal-16562-1024x684.jpg 1024w, https://www.archeoparc.it/wp-content/uploads/archeoparc-schnalstal-16562-676x451.jpg 676w, https://www.archeoparc.it/wp-content/uploads/archeoparc-schnalstal-16562.jpg 1200w" sizes="auto, (max-width: 300px) 100vw, 300px" /></a></p>
<p>www.archeoparc.it</p>

Museumsvereinspräsidentin Sonja Santer begrüßt die Gäste bei der Eröffnung der Ausstellung Ein Haus wie damals<br/>Saluto di benvenuto da parte della presidente dellassociazione museale Sonja Santer in occasione dellinaugurazione della mostra La casa di Ötzi<br/> Opening ceremony of the archeoparc exhibition on reconstructing a Bell-Baker Culture house<br/><br/>f.l.t.r. Sonja Santer, Raffaella Poggiani, Johanna Niederkofler, Gianni Bodini, Karl Josef Rainer, Wulf Hein<br/>July 2016
